inder when x is divided by 7/(-2)*240/(-84)?
7
Suppose -8*l + 69 = -147. Calculate the remainder when 42 is divided by l.
15
Suppose -105 - 99 = -12*p. Calculate the remainder when 2 + (-3)/(9/(-132)) is divided by p.
12
Suppose 22 = u + 3*l, 3*l + 41 + 37 = 3*u. What is the remainder when (-1)/((-15)/(-80))*54/(-4) is divided by u?
22
Let s(p) = -21*p**3 - 10*p**2 - p + 9. Calculate the remainder when s(-4) is divided by 16.
13
Suppose -7*p = -17*p + 180. Calculate the remainder when 105 is divided by p.
15
Suppose 493 = 9*v + 88. Calculate the remainder when v is divided by 12.
9
Suppose -11 = -c - 0*c. Let q(i) = i - 5. What is the remainder when c is divided by q(8)?
2
Suppose -m - 6*m + 105 = 0. Suppose 21 = -3*l + 45. What is the remainder when m is divided by l?
7
Let b = -7 - 77. Let v = b - -123. What is the remainder when 194 is divided by v?
38
Let y be 6*(-4)/(-12) - 5. What is the remainder when (-9)/y + (-252)/((-12)/4) is divided by 18?
15
Let q = -261 - -289. Calculate the remainder when q is divided by 10.
8
Let v(f) = -5*f - 11. What is the remainder when v(-23) is divided by 26?
0
Suppose 2*t - 860 = -3*m, -5*m + 0*m - 828 = -2*t. Calculate the remainder when t is divided by 61.
58
Suppose 4*h - 30 = h. Suppose 15 = 5*c, -3*j + 4*j - 16 = -c. Calculate the remainder when j is divided by ((-20)/h)/(4/(-10)).
3
Let d = -36 + 4. Calculate the remainder when d/208 + (-1237)/(-13) is divided by 25.
20
Let q be (-2 - 0*(-3)/(-9))*-2. Calculate the remainder when (44/(-20) + q)/((-2)/(-10)) is divided by 2.
1
Let g(s) = 2*s**2 - 9*s - 7. Suppose 4*x - 2*f - 18 - 8 = 0, -5*f - 5 = 0. What is the remainder when g(x) is divided by 4?
3
Suppose -5 - 6 = -v. Let s(y) = 7*y + 13. Let w be s(7). Suppose w = 3*n - 1. Calculate the remainder when n is divided by v.
10
Let s = -2458 - -3418. Calculate the remainder when s is divided by 107.
104
Suppose 5*b + 5 = -2*k + 30, -5 = -b - 3*k. Let r be (b/(-20))/(1/(-268)). Let z = r - 43. What is the remainder when 117 is divided by z?
21
Suppose 0 = -3*q + 157 + 146. Suppose 0 = 112*o - 64*o - 1008. What is the remainder when q is divided by o?
17
Suppose -5*h + 4532 = q, 77*h - 72*h + 5 = 0. What is the remainder when q is divided by 20?
17
Let k(v) = -v**3 - 3*v - 1. Let w be k(-1). Suppose 3*f = -t + 21, -f + 2 = -w*t + 3*f. Let s = -1 - -4. What is the remainder when t is divided by s?
0
What is the remainder when 6/(-4) + (-2916)/(-72) is divided by 6?
3
Let s = -1187 + 1194. Calculate the remainder when 29 is divided by s.
1
Suppose 5*f - 2*g = 194, -76 = -3*f + 2*g + 42. Calculate the remainder when 143 is divided by f.
29
Suppose 2*t - 4*l = t + 251, t + l - 266 = 0. Let c(k) = -90*k**2 + 810*k + 24. Calculate the remainder when t is divided by c(9).
23
Calculate the remainder when 182 is divided by ((-15)/9 - -2) + 670/15.
2
Suppose 0*m + 4*y - 904 = -4*m, 196 = m - 5*y. What is the remainder when m is divided by 32?
29
Let d = 55 - 44. Suppose -p = -0*p - d. What is the remainder when 40 is divided by p?
7
Suppose -3*s = b - 25 + 5, 2*b - 4*s = 20. What is the remainder when 161 is divided by b?
7
Let s(w) = -w**3 + 15*w**2 - 27*w + 12. What is the remainder when s(12) is divided by 113?
7
Suppose 0*g - 3*g + 64 = x, 3*g = 4*x + 74. Let z = -476 + 492. What is the remainder when g is divided by z?
6
Suppose -340*h + 337*h = -207. What is the remainder when 204 is divided by h?
66
Suppose 2 = c - 24. Let g = -13 + 23. What is the remainder when c is divided by g?
6
Let l = -7596 + 7615. Calculate the remainder when ((-5)/2)/(1/(-14)) is divided by l.
16
Suppose -40 = -5*h - 5*r, -4*h - h + 2*r + 75 = 0. Calculate the remainder when h is divided by ((-3)/(-6))/(2/32).
5
Let j(r) = -r**3 + 7*r**2 + r + 6. Let o = -838 - -859. Calculate the remainder when j(5) is divided by o.
19
Let c = 76 - 45. Suppose -5*o = -0*o - 3*z - 286, -4*z + 71 = o. Calculate the remainder when o is divided by c.
28
Let k(o) = 28*o**3 - 2*o**2 + 2*o - 1. Suppose 99 = 21*l - 48. What is the remainder when k(1) is divided by l?
6
Suppose 9*k = 334 - 55. Calculate the remainder when k is divided by 25.
6
Suppose 15*k - 150 = 5*k. Calculate the remainder when 357 is divided by k.
12
Let z(o) = 6*o**2 + 4*o + 2. Let c be z(-3). Suppose -2*s + c = -58. Suppose 11 - s = -4*l. Calculate the remainder when 58 is divided by l.
8
Let d(y) = 4*y - 31. Suppose 4*m - 4 = 0, -5*m - 11 = -2*u - 0*m. What is the remainder when d(13) is divided by u?
5
Suppose -12 - 163 = -5*c. Let p = -13678 - -13691. What is the remainder when c is divided by p?
9
Let r(n) = -2*n**3 - 2*n**2 + 3*n - 4. Let g = 145 - 55. Calculate the remainder when g is divided by r(-3).
21
Let m be ((-2)/3)/((-1)/3). Suppose -m*u + 0*u = -10. Suppose -j = -u - 17. Calculate the remainder when 43 is divided by j.
21
Suppose -2*g - 38 = -3*f + 27, g + 70 = 3*f. What is the remainder when f is divided by 2*22/4 - -2?
12
Let f(m) = -5 - 1 - 8*m + 1 - 5*m**2 + m - m**3. Let s be f(-4). Suppose -2*o = -s*o + 55. What is the remainder when 21 is divided by o?
10
Let d(f) = f**3 + 6*f**2 - 2*f - 2. Suppose 0 = q - 20*q + 171. What is the remainder when d(-5) is divided by q?
6
Let c(g) = 15*g + 107. Suppose 8*u - 277 = 123. Calculate the remainder when c(6) is divided by u.
47
Let s be (-4)/10 + (5 - (-13)/(-5)). Suppose -s*u - 2 = 0, -57 = -m - 2*u + 14. What is the remainder when m is divided by 38?
35
Let q be (1 + 2)*(-1 + 2). Suppose 64 = g - 5*n, -q*g + 3*n = -0*n - 216. Calculate the remainder when g is divided by 19.
17
Suppose -131 = x - 150. What is the remainder when 110 is divided by x?
15
Suppose 8 = -3*s - 3*v - 4, 3*s = -4*v - 7. Let k be (-94)/18 - 2/s. Let c = 0 - k. Calculate the remainder when 9 is divided by c.
4
Let o = 14 + 4. Let i = -105 - -174. Calculate the remainder when i is divided by o.
15
Suppose -19*w + 23*w = 128. What is the remainder when w is divided by 13?
6
Let j(u) = 8*u + 36. What is the remainder when j(7) is divided by 29?
5
Let f be (-1)/(-4) + (-897)/(-12). Calculate the remainder when 12 is divided by ((-40)/f*-3)/(3/15).
4
Suppose -7*g + 2*g + 20 = 0. Suppose 0 = 3*o - 22 + g. What is the remainder when (-42 - 0)/(-5*(-6)/(-15)) is divided by o?
3
What is the remainder when (-1052)/(-3) + (-39)/(-117) is divided by 59?
56
Let o = -100 - -175. Let b = -103 - -116. What is the remainder when o is divided by b?
10
Suppose 3 = 3*n, -t = -0*t + 4*n - 17. Let p(v) = 4*v - 141. What is the remainder when t is divided by p(38)?
2
Suppose 0 = 3*r - 188 + 41. Let a be (8/2 - 4) + r. Suppose 0 = -3*n + 2*z + 27, -5*n + a = z - 3*z. Calculate the remainder when 32 is divided by n.
10
Let k(o) = -4*o - 16. What is the remainder when k(-33) is divided by ((-117)/(-12))/(2/8)?
38
Let o = 19 - 17. Suppose -i + 0*a = -o*a - 11, -2*a + 10 = 0. Let b = i + -12. What is the remainder when 33 is divided by b?
6
What is the remainder when 11 is divided by (-5 - 55/(-10))*18?
2
Let m = 37 + -10. Calculate the remainder when m is divided by (-192)/(-20) - 2/(-5).
7
Let z = 151 - 65. Suppose z = 3*j - x - x, -j + 5*x + 7 = 0. What is the remainder when 94 is divided by j?
30
Let p(t) = 12*t**2 + 4*t - 3. Suppose -a + 0 = 2*k - 149, -797 = -5*a + 3*k. What is the remainder when a is divided by p(2)?
51
Let s(q) = 4*q**2 - 24*q - 70. What is the remainder when s(-14) is divided by 96?
90
Suppose r + 2*r + 396 = j, 790 = 2*j - 4*r. What is the remainder when j is divided by 33?
30
Let q(d) be the first derivative of 1/3*d**3 + 9/2*d**2 - 3 + 7*d. Calculate the remainder when 20 is divided by q(-9).
6
Suppose -36*u + 35*u + 5*j + 7 = 0, -4*u + 4*j + 44 = 0. What is the remainder when 332 is divided by u?
8
What is the remainder when 52 is divided by 0 + -10*(-1)/2?
2
Let v = 1414 + 100. What is the remainder when v is divided by 33?
29
Suppose 3*i + f + 116 = 0, 65 = -2*i + f - 19. Let n = -287 + 175. Let a = i - n. Calculate the remainder when a is divided by 25.
22
Suppose 0 = 5*l - 62 + 2. Suppose -b = 5*k - 6, b + 103 = 4*b - 2*k. Suppose t - 16 = b. What is the remainder when t is divided by l?
11
Suppose -n + 11*t + 170 = 9*t, 0 = -n - 5*t + 198. Calculate the remainder when n is divided by 36.
34
Let r(p) = p**2 - 2*p - 5. Let d be (-1 + 3